11?
7, 73
List the prime factors of 1765.
5, 353
List the prime factors of 1412.
2, 353
List the prime factors of 17728.
2, 277
What are the prime factors of 24823?
103, 241
List the prime factors of 626.
2, 313
List the prime factors of 641.
641
List the prime factors of 4943.
4943
List the prime factors of 488.
2, 61
List the prime factors of 28728.
2, 3, 7, 19
What are the prime factors of 693?
3, 7, 11
List the prime factors of 8453.
79, 107
List the prime factors of 4258.
2, 2129
List the prime factors of 25.
5
What are the prime factors of 2217?
3, 739
List the prime factors of 2089.
2089
List the prime factors of 7321.
7321
What are the prime factors of 32407?
23, 1409
List the prime factors of 110261.
110261
List the prime factors of 56431.
56431
What are the prime factors of 6855?
3, 5, 457
List the prime factors of 15573.
3, 29, 179
List the prime factors of 18977.
7, 2711
List the prime factors of 65798.
2, 167, 197
List the prime factors of 14314.
2, 17, 421
List the prime factors of 1285.
5, 257
List the prime factors of 33.
3, 11
List the prime factors of 606.
2, 3, 101
List the prime factors of 1500.
2, 3, 5
What are the prime factors of 510?
2, 3, 5, 17
What are the prime factors of 7483?
7, 1069
What are the prime factors of 48856?
2, 31, 197
What are the prime factors of 41306?
2, 19, 1087
What are the prime factors of 6577?
6577
List the prime factors of 4751.
4751
What are the prime factors of 1663?
1663
List the prime factors of 106.
2, 53
List the prime factors of 4936.
2, 617
List the prime factors of 575.
5, 23
List the prime factors of 17326.
2, 8663
What are the prime factors of 88254?
2, 3, 4903
What are the prime factors of 39356?
2, 9839
List the prime factors of 1112.
2, 139
What are the prime factors of 252?
2, 3, 7
List the prime factors of 8958.
2, 3, 1493
What are the prime factors of 2089?
2089
List the prime factors of 13378.
2, 6689
List the prime factors of 1297.
1297
What are the prime factors of 9901?
9901
List the prime factors of 9399.
3, 13, 241
List the prime factors of 77813.
77813
What are the prime factors of 12802?
2, 37, 173
List the prime factors of 175371.
3, 7, 1193
What are the prime factors of 50940?
2, 3, 5, 283
What are the prime factors of 482?
2, 241
What are the prime factors of 2055?
3, 5, 137
List the prime factors of 1356.
2, 3, 113
List the prime factors of 38326.
2, 19163
List the prime factors of 149.
149
List the prime factors of 7317.
3, 271
List the prime factors of 1301.
1301
List the prime factors of 1201.
1201
List the prime factors of 509.
509
What are the prime factors of 19493?
101, 193
What are the prime factors of 7201?
19, 379
What are the prime factors of 3546?
2, 3, 197
List the prime factors of 52475.
5, 2099
List the prime factors of 3631.
3631
What are the prime factors of 9478?
2, 7, 677
List the prime factors of 8645.
5, 7, 13, 19
What are the prime factors of 6364?
2, 37, 43
What are the prime factors of 3074?
2, 29, 53
List the prime factors of 91598.
2, 13, 271
List the prime factors of 7872.
2, 3, 41
List the prime factors of 4119.
3, 1373
What are the prime factors of 9422?
2, 7, 673
List the prime factors of 13816.
2, 11, 157
What are the prime factors of 1051?
1051
What are the prime factors of 14348?
2, 17, 211
What are the prime factors of 28296?
2, 3, 131
List the prime factors of 17652.
2, 3, 1471
What are the prime factors of 1790?
2, 5, 179
List the prime factors of 141187.
59, 2393
List the prime factors of 30599.
37, 827
What are the prime factors of 7257?
3, 41, 59
What are the prime factors of 3639?
3, 1213
What are the prime factors of 1016?
2, 127
What are the prime factors of 24?
2, 3
What are the prime factors of 5587?
37, 151
What are the prime factors of 1281?
3, 7, 61
What are the prime factors of 92350?
2, 5, 1847
What are the prime factors of 2038?
2, 1019
What are the prime factors of 50700?
2, 3, 5, 13
List the prime factors of 829.
829
List the prime factors of 1893.
3, 631
What are the prime factors of 84417?
3, 19, 1481
What are the prime factors of 5505?
3, 5, 367
List the prime factors of 742.
2, 7, 53
What are the prime factors of 1437?
3, 479
What are the prime factors of 4981?
17, 293
What are the prime factors of 3704?
2, 463
What are the prime factors of 6763?
6763
What are the prime factors of 31969?
7, 4567
List the prime factors of 221.
13, 17
What are the prime factors of 8852?
2, 2213
What are the prime factors of 2357?
2357
What are the prime factors of 26369?
7, 3767
What are the prime factors of 12210?
2, 3, 5, 11, 37
What are the prime factors of 977?
977
List the prime factors of 6334.
2, 3167
List the prime factors of 1711.
29, 59
What are the prime factors of 48895?
5, 7, 11, 127
List the prime factors of 423.
3, 47
List the prime factors of 36823.
23, 1601
What are the prime factors of 12822?
2, 3, 2137
List the prime factors of 39169.
13, 23, 131
What are the prime factors of 35721?
3, 7
What are the prime factors of 28?
2, 7
List the prime factors of 759.
3, 11, 23
List the prime factors of 17480.
2, 5, 19, 23
List the prime factors of 6381.
3, 709
List the prime factors of 834.
2, 3, 139
What are the prime factors of 4038?
2, 3, 673
List the prime factors of 1838.
2, 919
What are the prime factors of 452?
2, 113
What are the prime factors of 27?
3
What are the prime factors of 16860?
2, 3, 5, 281
List the prime factors of 2311.
2311
List the prime factors of 98001.
3, 10889
What are the prime factors of 38379?
3, 11, 1163
List the prime factors of 6839.
7, 977
List the prime factors of 1621.
1621
What are the prime factors of 4077?
3, 151
List the prime factors of 1669.
1669
List the prime factors of 155390.
2, 5, 41, 379
List the prime factors of 82673.
47, 1759
List the prime factors of 7903.
7, 1129
List the prime factors of 37819.
59, 641
List the prime factors of 747.
3, 83
List the prime factors of 2397.
3, 17, 47
List the prime factors of 30915.
3, 5, 229
What are the prime factors of 41699?
7, 23, 37
What are the prime factors of 1076?
2, 269
What are the prime factors of 159240?
2, 3, 5, 1327
List the prime factors of 34896.
2, 3, 727
What are the prime factors of 119374?
2, 17, 3511
What are the prime factors of 595?
5, 7, 17
What are the prime factors of 14013?
3, 173
List the prime factors of 49259.
7, 31, 227
List the prime factors of 13810.
2, 5, 1381
What are the prime factors of 97248?
2, 3, 1013
What are the prime factors of 10473?
3, 3491
List the prime factors of 4770.
2, 3, 5, 53
What are the prime factors of 1741?
1741
What are the prime factors of 104394?
2, 3, 127, 137
What are the prime factors of 27032?
2, 31, 109
List the prime factors of 66081.
3, 22027
What are the prime factors of 25431?
3, 7, 173
List the prime factors of 1001.
7, 11, 13
List the prime factors of 710.
2, 5, 71
What are the prime factors of 6727?
7, 31
List the prime factors of 4057.
4057
List the prime factors of 7982.
2, 13, 307
What are the prime factors of 753?
3, 251
What are the prime factors of 1761?
3, 587
List the prime factors of 7223.
31, 233
What are the prime factors of 105559?
283, 373
What are the prime factors of 15868?
2, 3967
List the prime factors of 1098.
2, 3, 61
List the prime factors of 8794.
2, 4397
What are the prime factors of 1180?
2, 5, 59
What are the prime factors of 2352?
2, 3, 7
What are the prime factors of 17942?
2, 8971
What are the prime factors of 2165?
5, 433
List the prime factors of 706.
2, 353
List the prime factors of 29386.
2, 7, 2099
What are the prime factors of 1018?
2, 509
What are the prime factors of 43958?
2, 31, 709
What are the prime factors of 15342?
2, 3, 2557
List the prime factors of 434.
2, 7, 31
List the prime factors of 792.
2, 3, 11
List the prime factors of 714.
2, 3, 7, 17
List the prime factors of 11886.
2, 3, 7, 283
What are the prime factors of 1636?
2, 409
List the prime factors of 128.
2
List the prime factors of 7014.
2, 3, 7, 167
What are the prime factors of 297?
3, 11
List the prime factors of 45.
3, 5
List the prime factors of 2699.
2699
List the prime factors of 49774.
2, 41, 607
What are the prime factors of 98205?
3, 5, 6547
What are the prime factors of 58434?
2, 3, 9739
What are the prime factors of 4025?
5, 7, 23
List the prime fac